t common factor of g and i?
7
Suppose -3*z - 2*z = -15. Suppose j + z = 0, -4*x + 2*j + 107 = -367. Suppose 2*a - 17 - 9 = 0. What is the highest common divisor of a and x?
13
Suppose 2*o - 6*u = -2*u - 2, 4*u = 5*o - 13. Suppose 1 = -o*m + 11. What is the greatest common divisor of m and 18?
2
Let l be 18/24 + 3/(-4). Suppose 5*g = -l*g + 110. Suppose 3*t + v + 19 = 61, 0 = t + 3*v - g. Calculate the highest common divisor of 26 and t.
13
Let a be (3*-7)/((-12)/36). Let p be 1/(-1 + (-10)/(-9)). What is the greatest common factor of a and p?
9
Let l = 44 - 8. Suppose 0 = -3*z + 5*z - 8. What is the highest common divisor of l and z?
4
Let f(p) = -2*p - 4. Let q be f(-3). Suppose q*s - 18 = -s. What is the highest common divisor of 9 and s?
3
Suppose 0 = 11*s - 6*s - 150. What is the highest common factor of s and 45?
15
Suppose 5*v = 4*l - 298, -4*l + 5*l - 3*v - 78 = 0. What is the greatest common factor of 16 and l?
8
Suppose 0 = 272*q - 274*q + 84. What is the highest common factor of q and 21?
21
Suppose -3*i + 915 = -135. Calculate the greatest common factor of 35 and i.
35
Let z(r) = 5*r + 8 - 2*r - 3. Let g be z(5). Calculate the greatest common factor of 8 and g.
4
Let p = 61 - 30. What is the highest common divisor of 155 and p?
31
Suppose 8*n - 32 = 72. What is the greatest common divisor of 52 and n?
13
Let j = 9 - 9. Let f = -2 - -6. Suppose f*i + 2*s = 9 + 7, -2*s - 4 = j. Calculate the greatest common divisor of i and 45.
5
Suppose 0*p - 2*p = -88. Calculate the greatest common divisor of p and 4.
4
Suppose -5*v = -158 + 48. What is the greatest common divisor of 55 and v?
11
Let x(m) = -2*m - 15. Let f be x(-12). Suppose -p - 4*j + 87 = -9*j, 201 = 3*p + 5*j. What is the greatest common divisor of f and p?
9
Suppose 4*t = 7*t - 3. Suppose -j + t = -49. What is the highest common factor of j and 10?
10
Let m(p) = -p + 7. Let c be m(5). Suppose c*t - 6*t - 22 = -2*s, 3*s = -5*t + 55. Calculate the greatest common divisor of s and 135.
15
Let o be (14/4 - 0)*24. Suppose 4*h = -h + 60. Calculate the highest common factor of h and o.
12
Let s be 96/9*3/2. Calculate the greatest common divisor of 128 and s.
16
Let u be (22 - (3 - 1)) + 1. Let d = u - -19. What is the highest common factor of 8 and d?
8
Let k be 1/(2 - (-135)/(-70)). Calculate the highest common factor of 14 and k.
14
Let m = -18 - -12. Let k be (-6)/(-10) - m/15. Let h(w) = 3*w**3 - w**2. Let b be h(k). Calculate the highest common divisor of b and 16.
2
Let b = 0 - -3. Suppose b*m - 45 = -0*m - 4*j, 4*j = 12. What is the greatest common factor of 77 and m?
11
Let d = 74 - 39. Let s(i) = 3*i**3 + i**2 - 2. Let f be s(-2). Let y = f + d. What is the highest common divisor of 91 and y?
13
Let s(f) = -f + 2. Let z be s(-2). Let a be 2*5/(10/z). What is the greatest common divisor of a and 36?
4
Let x(f) = f**2 + 9*f + 10. Let t be x(-8). Let b be 3/(-1) + t + -12. Let u = b - -40. Calculate the highest common divisor of 243 and u.
27
Let s(b) = -4*b - 26. Let c be s(-12). Calculate the highest common factor of c and 242.
22
Let v(y) = -y**3 + 15*y**2 - 15*y + 8. Let a be v(14). Let f = a + 15. What is the greatest common factor of f and 99?
9
Let m(o) = 5*o + 3. Let g be m(3). Let c = -9 - -54. Calculate the greatest common factor of c and g.
9
Let l be (-12)/(-28) + 370/(-14). Let z = l - -49. What is the highest common divisor of z and 69?
23
Let s = 4 + 20. What is the highest common factor of 16 and s?
8
Suppose -2*w - 260 = -15*w. What is the greatest common factor of w and 5?
5
Let z = -5 + 11. Let a = z + 10. Calculate the highest common divisor of a and 96.
16
Let u(q) = 98*q**2 - 2*q - 1. Let g be u(-1). Suppose 3*j - v - 33 = 0, -3*j - 5*v = -v - 33. What is the greatest common factor of g and j?
11
Let t be (-6 + -59)*(-6)/10. Let i(s) = s**3 + 8*s**2 + 9*s + 8. Let p be i(-6). Calculate the highest common factor of t and p.
13
Let i be (-2)/(-7) - 346*(-1)/14. What is the highest common divisor of i and 200?
25
Suppose -5*b + 29 = -11. Suppose i = -5*p - 12, -3*i = -0 + 6. Let c be p*1 + 24 - -2. Calculate the greatest common factor of c and b.
8
Let x = 78 - 64. What is the highest common factor of 112 and x?
14
Suppose 25 = -4*r - r. Let z be 6/(-15) + (-122)/r. Calculate the greatest common factor of 60 and z.
12
Let h = -36 + 75. Calculate the greatest common divisor of 26 and h.
13
Let j = -27 + 17. Let k(c) = -c**3 - 8*c**2 + 21*c + 13. Let a be k(j). What is the greatest common divisor of 3 and a?
3
Let d = -11 + 17. What is the greatest common factor of d and 2?
2
Suppose -5*n - 15 = 0, 2*j + 5*n + 2 = j. Let i(t) = 52*t**3 - t**2. Let r be i(2). Suppose -17 - r = -3*y. Calculate the greatest common factor of j and y.
13
Let f(z) = z**2 - 22*z + 114. Let c be f(7). Let l = -4 - -9. Let v(i) = 4*i**2 - 5*i - 3. Let u be v(l). What is the highest common factor of c and u?
9
Let i be 5 + -2 + -1 + -1. Let t = i - -1. What is the highest common factor of t and 8?
2
Suppose 5*i - 4 = 31. What is the greatest common divisor of 1 and i?
1
Suppose 2*n + 2*n = -8. Let a be (-6 - -1)/(n + 1). Let i be 4/a*(-5)/(-2). What is the highest common divisor of 4 and i?
2
Let a(g) = -g**2 - 16*g - 8. Let u be a(-14). Suppose 16 = -0*m + 4*m. What is the highest common divisor of m and u?
4
Let x(c) = -6 - 5 + 4 + 2*c. Let o be x(5). Suppose 3*v + 6 = 0, o*y = v + 3 + 23. Calculate the highest common divisor of y and 8.
8
Let g be (4/2 - 2) + 4. Suppose 2*o + 4*t = -0*o + 30, -3*o - g*t + 43 = 0. What is the highest common divisor of 104 and o?
13
Suppose 0*u - u = -20. Calculate the highest common divisor of 15 and u.
5
Let f = -2 + 10. Suppose -3*c + 24 = -3*a, f*a - 4*a = -3*c + 24. Let i(j) = -6*j + 2. Let h be i(-1). What is the highest common factor of h and c?
8
Suppose 2*w - 5*v = -2 + 33, 3*w - 19 = 2*v. Suppose -2*i = w*i + 3*s - 26, -8 = -4*s. Suppose 0*b - b + 1 = 0. What is the highest common divisor of i and b?
1
Let u(q) = q**3 + 2*q**2 - q. Let p be u(-2). Suppose p*m = -m + 72. Calculate the highest common divisor of 60 and m.
12
Let u be 56/6*((-172)/(-28) - 1). Calculate the highest common divisor of 192 and u.
48
Let d(r) = r**3 - r**2 - 4*r + 3. Let o be d(2). Let j be (0 + 0)/o + 9. What is the greatest common divisor of 3 and j?
3
Let b = 12 + 2. Let p = 68 + -33. What is the greatest common divisor of b and p?
7
Let v = -9 + 14. Suppose -v*z + m = -2*m + 2, 0 = -4*m + 16. Suppose 2*x - 5*d = -3*x + 50, -3*x + 4*d = -30. Calculate the highest common factor of z and x.
2
Suppose 0*j + 45 = 5*j. Calculate the greatest common factor of 18 and j.
9
Suppose 0 = 3*h + 15 - 117. Suppose -5*o + 26 + h = 0. What is the highest common divisor of o and 36?
12
Let o be (-15)/6*36/(-10). Let k = 22 - -68. What is the greatest common divisor of o and k?
9
Let x = 92 - 1. Suppose -5*o + 8 = -2*u, -4*o + 2*u + 3 = -5. Suppose 0 = -o*m + m - 13. What is the greatest common factor of m and x?
13
Let k be 7*(-1 - 43/(-7)). Let n(a) = 3*a - 2. Let b be n(5). Let v = 22 - b. What is the highest common factor of k and v?
9
Let v = -30 - -42. Let u = -3 + 6. What is the greatest common divisor of u and v?
3
Suppose 0 = -2*x + 2*v + 2, -2*x - 2*v + 5 = 3*x. Let i = 4 + x. Calculate the greatest common divisor of 40 and i.
5
Let c(u) = -5*u**3 + 2*u**2 + u + 3. Let v be c(3). Let p = 198 + v. Let h = p - 51. What is the greatest common divisor of h and 4?
4
Suppose 0*b + 18 = 3*x - b, 4*x + 2*b - 24 = 0. What is the greatest common factor of 6 and x?
6
Let i be 10/((0 - 2)/(-4)). Let a be i/(3 + -3 - -1). Calculate the greatest common factor of 10 and a.
10
Let h(i) = 2*i**2 - 14*i - 8. Let q be h(9). What is the highest common divisor of 28 and q?
28
Let p be (-1*(-50)/4)/((-3)/(-6)). What is the greatest common divisor of 5 and p?
5
Let x(n) = n**3 - 22*n**2 + 3*n - 52. Let b be x(22). What is the greatest common divisor of b and 70?
14
Let z(l) = 2*l - 2. Let f be z(4). Suppose -y + h + 79 = -f, -4*y + 346 = -2*h. Calculate the highest common factor of y and 11.
11
Let l be ((3 - 4) + -19)*-1. What is the greatest common factor of 20 and l?
20
Suppose -2*c + 7*c = -3*n + 202, -3*c - 5*n = -134. Suppose 56 = 2*d - 58. Calculate the highest common factor of c and d